{"id":393,"date":"2026-01-05T19:35:43","date_gmt":"2026-01-05T19:35:43","guid":{"rendered":"https:\/\/shgmexiquito.org.mx\/?page_id=393"},"modified":"2026-01-05T19:35:44","modified_gmt":"2026-01-05T19:35:44","slug":"perfil-de-ingreso","status":"publish","type":"page","link":"https:\/\/shgmexiquito.org.mx\/index.php\/perfil-de-ingreso\/","title":{"rendered":"Perfil de Ingreso"},"content":{"rendered":"\n<p>Se centra en la Atenci\u00f3n Integral de Ni\u00f1os y Adolescentes. El ingreso se realiza en la etapa de infancia y preadolescencia (de 2 a 14 a\u00f1os con 11 meses) hasta alcanzar la mayor\u00eda de edad, bajo los siguientes lineamientos<\/p>\n\n\n\n<p>a. Que la edad del menor o adolescente est\u00e9 dentro del rango de poblaci\u00f3n que se atiende.<\/p>\n\n\n\n<p>b. Que el menor o adolescente se encuentre en situaci\u00f3n de vulnerabilidad, violencia intrafamiliar, sin cuidados familiares o parentales, negligencia, abandono, orfandad, trata de personas, desnutrici\u00f3n cr\u00f3nica-aguda, maltrato en cualquiera de sus formas o cualquier situaci\u00f3n especial que afecte su desarrollo.<\/p>\n\n\n\n<p>c. Que sean canalizados por Instituciones gubernamentales (Procuradur\u00edas, DIF Estatal y\/o Municipal y Fiscal\u00edas o por Unidades Especializadas).<\/p>\n\n\n\n<p>d. La aceptaci\u00f3n quedar\u00e1 exclusivamente a consideraci\u00f3n de la Direcci\u00f3n General del Centro de Asistencia Social.<\/p>\n\n\n\n<ol class=\"wp-block-list\"><\/ol>\n","protected":false},"excerpt":{"rendered":"<p>Se centra en la Atenci\u00f3n Integral de Ni\u00f1os y Adolescentes. El ingreso se realiza en la etapa de infancia y &hellip; <a href=\"https:\/\/shgmexiquito.org.mx\/index.php\/perfil-de-ingreso\/\" class=\"more-link\"><span class=\"more-button\">Seguir leyendo<span class=\"screen-reader-text\">Perfil de Ingreso<\/span><\/span><\/a><\/p>\n","protected":false},"author":1,"featured_media":0,"parent":0,"menu_order":0,"comment_status":"closed","ping_status":"closed","template":"","meta":{"footnotes":""},"class_list":["post-393","page","type-page","status-publish","hentry"],"_links":{"self":[{"href":"https:\/\/shgmexiquito.org.mx\/index.php\/wp-json\/wp\/v2\/pages\/393","targetHints":{"allow":["GET"]}}],"collection":[{"href":"https:\/\/shgmexiquito.org.mx\/index.php\/wp-json\/wp\/v2\/pages"}],"about":[{"href":"https:\/\/shgmexiquito.org.mx\/index.php\/wp-json\/wp\/v2\/types\/page"}],"author":[{"embeddable":true,"href":"https:\/\/shgmexiquito.org.mx\/index.php\/wp-json\/wp\/v2\/users\/1"}],"replies":[{"embeddable":true,"href":"https:\/\/shgmexiquito.org.mx\/index.php\/wp-json\/wp\/v2\/comments?post=393"}],"version-history":[{"count":1,"href":"https:\/\/shgmexiquito.org.mx\/index.php\/wp-json\/wp\/v2\/pages\/393\/revisions"}],"predecessor-version":[{"id":395,"href":"https:\/\/shgmexiquito.org.mx\/index.php\/wp-json\/wp\/v2\/pages\/393\/revisions\/395"}],"wp:attachment":[{"href":"https:\/\/shgmexiquito.org.mx\/index.php\/wp-json\/wp\/v2\/media?parent=393"}],"curies":[{"name":"wp","href":"https:\/\/api.w.org\/{rel}","templated":true}]}}